        {"id":29634,"date":"2023-01-12T12:32:56","date_gmt":"2023-01-12T11:32:56","guid":{"rendered":"https:\/\/infotechdemos.co.in\/plusbaby\/?post_type=ffw&#038;p=29634"},"modified":"2024-09-06T08:37:54","modified_gmt":"2024-09-06T06:37:54","slug":"combien-de-temps-durent-les-nausees-pendant-la-grossesse","status":"publish","type":"ffw","link":"https:\/\/plusbaby.ch\/de\/ffw\/combien-de-temps-durent-les-nausees-pendant-la-grossesse\/","title":{"rendered":"Wie lange dauert die \u00dcbelkeit in der Schwangerschaft?"},"content":{"rendered":"<p>\u00dcbelkeit und Erbrechen in der Schwangerschaft betreffen bis zu 90 % der schwangeren Frauen und geh\u00f6ren zu den h\u00e4ufigsten Beschwerden w\u00e4hrend der Schwangerschaft. Sie beginnen in der Regel etwa in der vierten bis neunten Schwangerschaftswoche, erreichen ihren H\u00f6hepunkt in der siebten bis zw\u00f6lften Woche und klingen in der sechzehnten Woche wieder ab. Bei einigen Frauen kann die \u00dcbelkeit w\u00e4hrend der gesamten Schwangerschaft anhalten.<\/p>\n","protected":false},"comment_status":"open","ping_status":"closed","template":"","ffw-category":[],"ffw-tag":[],"class_list":["post-29634","ffw","type-ffw","status-publish","hentry"],"acf":[],"yoast_head":"<!-- This site is optimized with the Yoast SEO Premium plugin v27.5 (Yoast SEO v27.5) - https:\/\/yoast.com\/product\/yoast-seo-premium-wordpress\/ -->\n<title>Wie lange dauert die \u00dcbelkeit in der Schwangerschaft? | PlusBaby<\/title>\n<meta name=\"robots\" content=\"noindex, follow\" \/>\n<meta property=\"og:locale\" content=\"de_DE\" \/>\n<meta property=\"og:type\" content=\"article\" \/>\n<meta property=\"og:title\" content=\"Wie lange dauert die \u00dcbelkeit in der Schwangerschaft?\" \/>\n<meta property=\"og:description\" content=\"\u00dcbelkeit und Erbrechen in der Schwangerschaft betreffen bis zu 90 % der schwangeren Frauen und geh\u00f6ren zu den h\u00e4ufigsten Beschwerden w\u00e4hrend der Schwangerschaft. Sie beginnen in der Regel etwa in der vierten bis neunten Schwangerschaftswoche, erreichen ihren H\u00f6hepunkt in der siebten bis zw\u00f6lften Woche und klingen in der sechzehnten Woche wieder ab. Bei einigen Frauen [&hellip;]\" \/>\n<meta property=\"og:url\" content=\"https:\/\/plusbaby.ch\/de\/ffw\/combien-de-temps-durent-les-nausees-pendant-la-grossesse\/\" \/>\n<meta property=\"og:site_name\" content=\"PlusBaby\" \/>\n<meta property=\"article:publisher\" content=\"https:\/\/www.facebook.com\/plusbaby.ch\" \/>\n<meta property=\"article:modified_time\" content=\"2024-09-06T06:37:54+00:00\" \/>\n<meta property=\"og:image\" content=\"https:\/\/plusbaby.ch\/wp-content\/uploads\/2022\/07\/grossesse.webp\" \/>\n\t<meta property=\"og:image:width\" content=\"1900\" \/>\n\t<meta property=\"og:image:height\" content=\"950\" \/>\n\t<meta property=\"og:image:type\" content=\"image\/webp\" \/>\n<meta name=\"twitter:card\" content=\"summary_large_image\" \/>\n<script type=\"application\/ld+json\" class=\"yoast-schema-graph\">{\"@context\":\"https:\\\/\\\/schema.org\",\"@graph\":[{\"@type\":\"WebPage\",\"@id\":\"https:\\\/\\\/plusbaby.ch\\\/de\\\/ffw\\\/combien-de-temps-durent-les-nausees-pendant-la-grossesse\\\/\",\"url\":\"https:\\\/\\\/plusbaby.ch\\\/de\\\/ffw\\\/combien-de-temps-durent-les-nausees-pendant-la-grossesse\\\/\",\"name\":\"Wie lange dauert die \u00dcbelkeit in der Schwangerschaft? | PlusBaby\",\"isPartOf\":{\"@id\":\"https:\\\/\\\/plusbaby.ch\\\/de\\\/#website\"},\"datePublished\":\"2023-01-12T11:32:56+00:00\",\"dateModified\":\"2024-09-06T06:37:54+00:00\",\"breadcrumb\":{\"@id\":\"https:\\\/\\\/plusbaby.ch\\\/de\\\/ffw\\\/combien-de-temps-durent-les-nausees-pendant-la-grossesse\\\/#breadcrumb\"},\"inLanguage\":\"de\",\"potentialAction\":[{\"@type\":\"ReadAction\",\"target\":[\"https:\\\/\\\/plusbaby.ch\\\/de\\\/ffw\\\/combien-de-temps-durent-les-nausees-pendant-la-grossesse\\\/\"]}]},{\"@type\":\"BreadcrumbList\",\"@id\":\"https:\\\/\\\/plusbaby.ch\\\/de\\\/ffw\\\/combien-de-temps-durent-les-nausees-pendant-la-grossesse\\\/#breadcrumb\",\"itemListElement\":[{\"@type\":\"ListItem\",\"position\":1,\"name\":\"Home\",\"item\":\"https:\\\/\\\/plusbaby.ch\\\/de\\\/\"},{\"@type\":\"ListItem\",\"position\":2,\"name\":\"XPlainer FAQs\",\"item\":\"https:\\\/\\\/plusbaby.ch\\\/de\\\/ffw\\\/\"},{\"@type\":\"ListItem\",\"position\":3,\"name\":\"Wie lange dauert die \u00dcbelkeit in der Schwangerschaft?\"}]},{\"@type\":\"WebSite\",\"@id\":\"https:\\\/\\\/plusbaby.ch\\\/de\\\/#website\",\"url\":\"https:\\\/\\\/plusbaby.ch\\\/de\\\/\",\"name\":\"Plusbaby\",\"description\":\"\",\"publisher\":{\"@id\":\"https:\\\/\\\/plusbaby.ch\\\/de\\\/#organization\"},\"potentialAction\":[{\"@type\":\"SearchAction\",\"target\":{\"@type\":\"EntryPoint\",\"urlTemplate\":\"https:\\\/\\\/plusbaby.ch\\\/de\\\/?s={search_term_string}\"},\"query-input\":{\"@type\":\"PropertyValueSpecification\",\"valueRequired\":true,\"valueName\":\"search_term_string\"}}],\"inLanguage\":\"de\"},{\"@type\":\"Organization\",\"@id\":\"https:\\\/\\\/plusbaby.ch\\\/de\\\/#organization\",\"name\":\"Plusbaby\",\"url\":\"https:\\\/\\\/plusbaby.ch\\\/de\\\/\",\"logo\":{\"@type\":\"ImageObject\",\"inLanguage\":\"de\",\"@id\":\"https:\\\/\\\/plusbaby.ch\\\/de\\\/#\\\/schema\\\/logo\\\/image\\\/\",\"url\":\"https:\\\/\\\/plusbaby.ch\\\/wp-content\\\/uploads\\\/2022\\\/04\\\/PlusBabyLogo_logo.svg\",\"contentUrl\":\"https:\\\/\\\/plusbaby.ch\\\/wp-content\\\/uploads\\\/2022\\\/04\\\/PlusBabyLogo_logo.svg\",\"width\":289,\"height\":169,\"caption\":\"Plusbaby\"},\"image\":{\"@id\":\"https:\\\/\\\/plusbaby.ch\\\/de\\\/#\\\/schema\\\/logo\\\/image\\\/\"},\"sameAs\":[\"https:\\\/\\\/www.facebook.com\\\/plusbaby.ch\",\"https:\\\/\\\/www.instagram.com\\\/plusbaby.ch\\\/\",\"https:\\\/\\\/www.linkedin.com\\\/company\\\/plusbaby\\\/?viewAsMember=true\",\"https:\\\/\\\/www.instagram.com\\\/plusbaby_ge\"]}]}<\/script>\n<!-- \/ Yoast SEO Premium plugin. -->","yoast_head_json":{"title":"Wie lange dauert die \u00dcbelkeit in der Schwangerschaft? | PlusBaby","robots":{"index":"noindex","follow":"follow"},"og_locale":"de_DE","og_type":"article","og_title":"Wie lange dauert die \u00dcbelkeit in der Schwangerschaft?","og_description":"\u00dcbelkeit und Erbrechen in der Schwangerschaft betreffen bis zu 90 % der schwangeren Frauen und geh\u00f6ren zu den h\u00e4ufigsten Beschwerden w\u00e4hrend der Schwangerschaft. Sie beginnen in der Regel etwa in der vierten bis neunten Schwangerschaftswoche, erreichen ihren H\u00f6hepunkt in der siebten bis zw\u00f6lften Woche und klingen in der sechzehnten Woche wieder ab. Bei einigen Frauen [&hellip;]","og_url":"https:\/\/plusbaby.ch\/de\/ffw\/combien-de-temps-durent-les-nausees-pendant-la-grossesse\/","og_site_name":"PlusBaby","article_publisher":"https:\/\/www.facebook.com\/plusbaby.ch","article_modified_time":"2024-09-06T06:37:54+00:00","og_image":[{"width":1900,"height":950,"url":"https:\/\/plusbaby.ch\/wp-content\/uploads\/2022\/07\/grossesse.webp","type":"image\/webp"}],"twitter_card":"summary_large_image","schema":{"@context":"https:\/\/schema.org","@graph":[{"@type":"WebPage","@id":"https:\/\/plusbaby.ch\/de\/ffw\/combien-de-temps-durent-les-nausees-pendant-la-grossesse\/","url":"https:\/\/plusbaby.ch\/de\/ffw\/combien-de-temps-durent-les-nausees-pendant-la-grossesse\/","name":"Wie lange dauert die \u00dcbelkeit in der Schwangerschaft? | PlusBaby","isPartOf":{"@id":"https:\/\/plusbaby.ch\/de\/#website"},"datePublished":"2023-01-12T11:32:56+00:00","dateModified":"2024-09-06T06:37:54+00:00","breadcrumb":{"@id":"https:\/\/plusbaby.ch\/de\/ffw\/combien-de-temps-durent-les-nausees-pendant-la-grossesse\/#breadcrumb"},"inLanguage":"de","potentialAction":[{"@type":"ReadAction","target":["https:\/\/plusbaby.ch\/de\/ffw\/combien-de-temps-durent-les-nausees-pendant-la-grossesse\/"]}]},{"@type":"BreadcrumbList","@id":"https:\/\/plusbaby.ch\/de\/ffw\/combien-de-temps-durent-les-nausees-pendant-la-grossesse\/#breadcrumb","itemListElement":[{"@type":"ListItem","position":1,"name":"Home","item":"https:\/\/plusbaby.ch\/de\/"},{"@type":"ListItem","position":2,"name":"XPlainer FAQs","item":"https:\/\/plusbaby.ch\/de\/ffw\/"},{"@type":"ListItem","position":3,"name":"Wie lange dauert die \u00dcbelkeit in der Schwangerschaft?"}]},{"@type":"WebSite","@id":"https:\/\/plusbaby.ch\/de\/#website","url":"https:\/\/plusbaby.ch\/de\/","name":"Plusbaby","description":"","publisher":{"@id":"https:\/\/plusbaby.ch\/de\/#organization"},"potentialAction":[{"@type":"SearchAction","target":{"@type":"EntryPoint","urlTemplate":"https:\/\/plusbaby.ch\/de\/?s={search_term_string}"},"query-input":{"@type":"PropertyValueSpecification","valueRequired":true,"valueName":"search_term_string"}}],"inLanguage":"de"},{"@type":"Organization","@id":"https:\/\/plusbaby.ch\/de\/#organization","name":"Plusbaby","url":"https:\/\/plusbaby.ch\/de\/","logo":{"@type":"ImageObject","inLanguage":"de","@id":"https:\/\/plusbaby.ch\/de\/#\/schema\/logo\/image\/","url":"https:\/\/plusbaby.ch\/wp-content\/uploads\/2022\/04\/PlusBabyLogo_logo.svg","contentUrl":"https:\/\/plusbaby.ch\/wp-content\/uploads\/2022\/04\/PlusBabyLogo_logo.svg","width":289,"height":169,"caption":"Plusbaby"},"image":{"@id":"https:\/\/plusbaby.ch\/de\/#\/schema\/logo\/image\/"},"sameAs":["https:\/\/www.facebook.com\/plusbaby.ch","https:\/\/www.instagram.com\/plusbaby.ch\/","https:\/\/www.linkedin.com\/company\/plusbaby\/?viewAsMember=true","https:\/\/www.instagram.com\/plusbaby_ge"]}]}},"_links":{"self":[{"href":"https:\/\/plusbaby.ch\/de\/wp-json\/wp\/v2\/ffw\/29634","targetHints":{"allow":["GET"]}}],"collection":[{"href":"https:\/\/plusbaby.ch\/de\/wp-json\/wp\/v2\/ffw"}],"about":[{"href":"https:\/\/plusbaby.ch\/de\/wp-json\/wp\/v2\/types\/ffw"}],"replies":[{"embeddable":true,"href":"https:\/\/plusbaby.ch\/de\/wp-json\/wp\/v2\/comments?post=29634"}],"wp:attachment":[{"href":"https:\/\/plusbaby.ch\/de\/wp-json\/wp\/v2\/media?parent=29634"}],"wp:term":[{"taxonomy":"ffw-category","embeddable":true,"href":"https:\/\/plusbaby.ch\/de\/wp-json\/wp\/v2\/ffw-category?post=29634"},{"taxonomy":"ffw-tag","embeddable":true,"href":"https:\/\/plusbaby.ch\/de\/wp-json\/wp\/v2\/ffw-tag?post=29634"}],"curies":[{"name":"wp","href":"https:\/\/api.w.org\/{rel}","templated":true}]}}

Wie lange dauert die Übelkeit in der Schwangerschaft?

<p>Übelkeit und Erbrechen in der Schwangerschaft betreffen bis zu 90 % der schwangeren Frauen und gehören zu den häufigsten Beschwerden während der Schwangerschaft. Sie beginnen in der Regel etwa in der vierten bis neunten Schwangerschaftswoche, erreichen ihren Höhepunkt in der siebten bis zwölften Woche und klingen in der sechzehnten Woche wieder ab. Bei einigen Frauen kann die Übelkeit während der gesamten Schwangerschaft anhalten.</p>

<!-- This site is optimized with the Yoast SEO Premium plugin v27.5 (Yoast SEO v27.5) - https://yoast.com/product/yoast-seo-premium-wordpress/ -->
<title>Wie lange dauert die Übelkeit in der Schwangerschaft? | PlusBaby</title>
<meta name="robots" content="noindex, follow" />
<meta property="og:locale" content="de_DE" />
<meta property="og:type" content="article" />
<meta property="og:title" content="Wie lange dauert die Übelkeit in der Schwangerschaft?" />
<meta property="og:description" content="Übelkeit und Erbrechen in der Schwangerschaft betreffen bis zu 90 % der schwangeren Frauen und gehören zu den häufigsten Beschwerden während der Schwangerschaft. Sie beginnen in der Regel etwa in der vierten bis neunten Schwangerschaftswoche, erreichen ihren Höhepunkt in der siebten bis zwölften Woche und klingen in der sechzehnten Woche wieder ab. Bei einigen Frauen [&hellip;]" />
<meta property="og:url" content="https://plusbaby.ch/de/ffw/combien-de-temps-durent-les-nausees-pendant-la-grossesse/" />
<meta property="og:site_name" content="PlusBaby" />
<meta property="article:publisher" content="https://www.facebook.com/plusbaby.ch" />
<meta property="article:modified_time" content="2024-09-06T06:37:54+00:00" />
<meta property="og:image" content="https://plusbaby.ch/wp-content/uploads/2022/07/grossesse.webp" />
	<meta property="og:image:width" content="1900" />
	<meta property="og:image:height" content="950" />
	<meta property="og:image:type" content="image/webp" />
<meta name="twitter:card" content="summary_large_image" />
<script type="application/ld+json" class="yoast-schema-graph">{"@context":"https:\/\/schema.org","@graph":[{"@type":"WebPage","@id":"https:\/\/plusbaby.ch\/de\/ffw\/combien-de-temps-durent-les-nausees-pendant-la-grossesse\/","url":"https:\/\/plusbaby.ch\/de\/ffw\/combien-de-temps-durent-les-nausees-pendant-la-grossesse\/","name":"Wie lange dauert die Übelkeit in der Schwangerschaft? | PlusBaby","isPartOf":{"@id":"https:\/\/plusbaby.ch\/de\/#website"},"datePublished":"2023-01-12T11:32:56+00:00","dateModified":"2024-09-06T06:37:54+00:00","breadcrumb":{"@id":"https:\/\/plusbaby.ch\/de\/ffw\/combien-de-temps-durent-les-nausees-pendant-la-grossesse\/#breadcrumb"},"inLanguage":"de","potentialAction":[{"@type":"ReadAction","target":["https:\/\/plusbaby.ch\/de\/ffw\/combien-de-temps-durent-les-nausees-pendant-la-grossesse\/"]}]},{"@type":"BreadcrumbList","@id":"https:\/\/plusbaby.ch\/de\/ffw\/combien-de-temps-durent-les-nausees-pendant-la-grossesse\/#breadcrumb","itemListElement":[{"@type":"ListItem","position":1,"name":"Home","item":"https:\/\/plusbaby.ch\/de\/"},{"@type":"ListItem","position":2,"name":"XPlainer FAQs","item":"https:\/\/plusbaby.ch\/de\/ffw\/"},{"@type":"ListItem","position":3,"name":"Wie lange dauert die Übelkeit in der Schwangerschaft?"}]},{"@type":"WebSite","@id":"https:\/\/plusbaby.ch\/de\/#website","url":"https:\/\/plusbaby.ch\/de\/","name":"Plusbaby","description":"","publisher":{"@id":"https:\/\/plusbaby.ch\/de\/#organization"},"potentialAction":[{"@type":"SearchAction","target":{"@type":"EntryPoint","urlTemplate":"https:\/\/plusbaby.ch\/de\/?s={search_term_string}"},"query-input":{"@type":"PropertyValueSpecification","valueRequired":true,"valueName":"search_term_string"}}],"inLanguage":"de"},{"@type":"Organization","@id":"https:\/\/plusbaby.ch\/de\/#organization","name":"Plusbaby","url":"https:\/\/plusbaby.ch\/de\/","logo":{"@type":"ImageObject","inLanguage":"de","@id":"https:\/\/plusbaby.ch\/de\/#\/schema\/logo\/image\/","url":"https:\/\/plusbaby.ch\/wp-content\/uploads\/2022\/04\/PlusBabyLogo_logo.svg","contentUrl":"https:\/\/plusbaby.ch\/wp-content\/uploads\/2022\/04\/PlusBabyLogo_logo.svg","width":289,"height":169,"caption":"Plusbaby"},"image":{"@id":"https:\/\/plusbaby.ch\/de\/#\/schema\/logo\/image\/"},"sameAs":["https:\/\/www.facebook.com\/plusbaby.ch","https:\/\/www.instagram.com\/plusbaby.ch\/","https:\/\/www.linkedin.com\/company\/plusbaby\/?viewAsMember=true","https:\/\/www.instagram.com\/plusbaby_ge"]}]}</script>
<!-- / Yoast SEO Premium plugin. -->

Wie lange dauert die Übelkeit in der Schwangerschaft? | PlusBaby

Übelkeit und Erbrechen in der Schwangerschaft betreffen bis zu 90 % der schwangeren Frauen und gehören zu den häufigsten Beschwerden während der Schwangerschaft. Sie beginnen in der Regel etwa in der vierten bis neunten Schwangerschaftswoche, erreichen ihren Höhepunkt in der siebten bis zwölften Woche und klingen in der sechzehnten Woche wieder ab. Bei einigen Frauen [&hellip;]
